visor of 15742 and 2906422.
34
What is the highest common factor of 31 and 30899746?
31
What is the highest common divisor of 3435920 and 1?
1
What is the highest common factor of 663690 and 1620?
30
What is the greatest common divisor of 156 and 51130352?
52
Calculate the highest common factor of 10756544 and 24.
8
Calculate the greatest common factor of 192636 and 828.
36
Calculate the greatest common factor of 432 and 5235232.
16
What is the greatest common divisor of 440660 and 5135692?
8012
What is the highest common divisor of 164 and 361482404?
164
Calculate the greatest common factor of 361 and 36393569.
19
Calculate the greatest common factor of 171978318 and 1284.
642
What is the highest common divisor of 24627528 and 72?
72
What is the highest common factor of 5879640 and 1365?
195
Calculate the greatest common factor of 232748 and 27032.
124
Calculate the highest common factor of 175066 and 154394.
646
What is the greatest common factor of 1053675 and 813950?
5575
Calculate the highest common divisor of 2568 and 8704664.
856
Calculate the highest common divisor of 18618980 and 49568.
6196
Calculate the greatest common divisor of 266190 and 4.
2
Calculate the highest common divisor of 13041 and 235137.
21
Calculate the highest common divisor of 2840224 and 4923472.
6256
Calculate the greatest common divisor of 3 and 11257221.
3
Calculate the highest common divisor of 74082 and 186.
6
Calculate the highest common divisor of 3357108 and 292.
4
Calculate the highest common divisor of 27503078 and 106.
106
Calculate the highest common factor of 102 and 662914677.
51
Calculate the highest common factor of 29814 and 1569.
3
Calculate the highest common divisor of 13968351 and 19314.
333
Calculate the highest common factor of 1624556 and 316.
316
What is the highest common divisor of 277986 and 45898?
866
Calculate the greatest common divisor of 10764 and 2344264.
52
Calculate the greatest common factor of 359715 and 16455.
15
What is the greatest common factor of 35214732 and 5292?
1764
What is the greatest common factor of 355 and 3427312?
71
Calculate the greatest common factor of 33157890 and 36.
18
Calculate the greatest common factor of 44 and 4771924.
4
Calculate the highest common divisor of 448 and 25254464.
64
What is the highest common divisor of 54740819 and 140020?
7001
What is the greatest common factor of 6083957 and 33?
11
Calculate the greatest common factor of 125068065 and 45.
15
What is the highest common divisor of 35 and 7759766?
7
What is the greatest common factor of 7085 and 2651207?
1417
Calculate the greatest common factor of 130 and 20858080.
10
Calculate the highest common divisor of 2050108 and 28584.
1588
What is the greatest common factor of 982233 and 23625?
189
What is the highest common divisor of 1744 and 182096?
16
Calculate the greatest common divisor of 14764009 and 199.
199
What is the highest common divisor of 124361897 and 259325?
10373
Calculate the greatest common divisor of 779682744 and 498.
498
What is the highest common factor of 161 and 166417?
1
What is the greatest common factor of 24678390 and 6?
6
What is the highest common factor of 966671313 and 2361?
2361
Calculate the greatest common divisor of 357 and 401854824.
21
What is the greatest common divisor of 23883245 and 1555?
1555
What is the highest common factor of 1006300 and 3400?
100
What is the highest common divisor of 303 and 5464504?
101
What is the highest common divisor of 1530585 and 1295?
35
Calculate the greatest common factor of 517775 and 11771.
149
Calculate the greatest common divisor of 816777 and 17037.
27
What is the greatest common factor of 1146 and 2682404?
382
Calculate the highest common divisor of 10 and 53659680.
10
Calculate the greatest common factor of 5785880 and 152.
152
Calculate the greatest common divisor of 129573 and 15399991.
4799
Calculate the greatest common divisor of 210 and 78948960.
30
Calculate the highest common divisor of 63184 and 263824.
176
Calculate the greatest common factor of 31 and 66127743.
31
What is the highest common divisor of 32923284 and 1557?
519
What is the greatest common factor of 2571590 and 160?
10
What is the highest common factor of 1334446 and 798?
38
Calculate the highest common divisor of 1440 and 14247936.
288
What is the highest common factor of 8527600 and 250?
50
What is the highest common divisor of 65 and 616195?
5
What is the highest common divisor of 2707638 and 2526180?
3558
What is the greatest common divisor of 4049059 and 8946?
497
What is the greatest common factor of 283412070 and 20?
10
What is the greatest common divisor of 7344 and 1320288?
816
Calculate the highest common factor of 1652 and 1565914280.
1652
What is the highest common divisor of 216770 and 2455?
5
What is the greatest common divisor of 7490050 and 1450?
50
Calculate the highest common factor of 1113 and 53265.
159
Calculate the greatest common factor of 10676157 and 9.
3
Calculate the greatest common factor of 157812 and 204.
12
Calculate the highest common divisor of 132612 and 256323.
129
What is the greatest common divisor of 4107481 and 50579?
37
Calculate the greatest common divisor of 74136 and 606.
6
What is the greatest common factor of 44761 and 39389?
17
Calculate the greatest common factor of 53 and 249638798.
53
Calculate the highest common factor of 22341158 and 9418.
554
What is the highest common divisor of 513 and 1660011?
57
Calculate the greatest common factor of 49032 and 3618.
54
What is the highest common divisor of 31755 and 1270635?
435
What is the highest common factor of 226 and 312048370?
226
Calculate the highest common factor of 3762 and 283281944.
418
What is the greatest common factor of 71626 and 83159?
607
What is the highest common divisor of 84056004 and 2764?
2764
What is the greatest common factor of 25685136 and 9?
9
Calculate the greatest common factor of 23484 and 1642644.
1236
What is the greatest common divisor of 1308 and 181745292?
1308
What is the highest common factor of 1797732 and 63?
9
What is the highest common divisor of 438 and 286332?
6
Calculate the greatest common factor of 909 and 15336042.
303
Calculate the highest common factor of 153541822 and 868.
434
Calculate the highest common factor of 2485 and 837892300.
2485
Calculate the highest common divisor of 13717340 and 126.
14
What is the highest common factor of 334482291 and 67?
67
Calculate the greatest common factor of 3522 and 60018.
6
Calculate the greatest common divisor of 10341904 and 230.
46
What is the highest common divisor of 256959600 and 900?
300
Calculate the highest common factor of 21884412 and 308.
44
What is the highest common divisor of 5600 and 32671520?
1120
What is the highest common factor of 6367372 and 752?
188
Calculate the greatest common factor of 11317727 and 1791.
199
Calculate the greatest common factor of 89727675 and 75.
75
Calculate the highest common factor of 21 and 15059086.
7
Calculate the greatest common factor of 66607339 and 10016.
313
Calculate the highest common factor of 24420 and 612350.
370
Calculate the greatest common factor of 464765 and 14905.
1355
What is the greatest common divisor of 69694920 and 540?
180
What is the highest common factor of 446850752 and 160?
32
What is the greatest common divisor of 17703 and 125181?
63
What is the highest common factor of 167341 and 52?
1
Calculate the highest common divisor of 354 and 4485357.
177
Calculate the greatest common factor of 414 and 1321133754.
138
Calculate the greatest common factor of 58946720 and 480.
160
What is the highest common factor of 2488788 and 33356?
1076
What is the highest common factor of 1535226 and 2541?
231
What is the greatest common factor of 3489 and 11061293?
1163
Calculate the greatest common divisor of 7358294 and 6.
2
Calculate the highest common factor of 1727775 and 1659.
21
Calculate the greatest common factor of 236 and 19671131.
59
What is the greatest common divisor of 49871 and 107?
1
What is the greatest common divisor of 157437 and 1169991?
459
What is the highest common factor of 64637413 and 6212?
1553
Calculate the highest common divisor of 15204 and 286188.
84
Calculate the greatest common divisor of 12157204 and 776.
388
What i